
Let z(n) = -4*n**2 + 182*n + 476. Determine z(48).
-4
Let b(r) = 2*r**2 - 69*r - 287. Give b(38).
-21
Let m(b) = 12*b**3 + 23*b**2 - 24*b - 1. What is m(1)?
10
Let z(l) = -l**2 - 659*l - 2624. Calculate z(-4).
-4
Let m(p) = 4*p**2 + 31*p + 93. Determine m(-10).
183
Let p(r) = 85*r + 150. Determine p(-2).
-20
Let p(b) = b**3 + 10*b**2 + 70*b + 478. Give p(-7).
135
Let k(x) = 2*x**2 - 46*x - 1163. Calculate k(38).
-23
Let l(q) = -2*q**2 - 80*q + 145. What is l(2)?
-23
Let c(t) = -t**2 - 18*t + 5. Give c(-23).
-110
Let p(a) = 1482*a - 4456. Give p(3).
-10
Let m(l) = -l - 106. What is m(-53)?
-53
Let n(y) = 22*y**2 - 299*y - 143. What is n(14)?
-17
Let u(g) = -g**3 - 86*g**2 + 77*g - 882. Calculate u(-87).
-12
Let b(v) = 8*v**2 + 70*v - 434. Determine b(6).
274
Let t(n) = 1347*n + 13455. Calculate t(-10).
-15
Let o(f) = f**3 + 4*f**2 - 1061*f - 2124. Calculate o(-2).
6
Let t(i) = -6*i**2 + 18*i + 45. Give t(-2).
-15
Let f(y) = 45*y - 774. Determine f(17).
-9
Let c(q) = 145*q - 17980. Determine c(124).
0
Let r(q) = 4904*q - 39235. Calculate r(8).
-3
Let y(c) = 28*c + 458. What is y(-18)?
-46
Let i(l) = 9*l**3 - 40*l**2 - 5*l - 104. Give i(5).
-4
Let c(t) = -3*t**2 - 42*t + 371. Determine c(6).
11
Let i(x) = -x**2 - 47*x + 434. What is i(-55)?
-6
Let k(s) = -2*s**2 - 65*s - 330. Determine k(-25).
45
Let v(l) = 2*l**2 - 57*l - 9. What is v(32)?
215
Let q(d) = 1407*d + 8522. Determine q(-6).
80
Let x(j) = j**2 + 52*j - 14. What is x(-13)?
-521
Let l(m) = 68*m + 1223. What is l(-18)?
-1
Let z(u) = -6*u**2 + 26*u + 12. Give z(10).
-328
Let i(s) = -88*s**2 - 606*s + 64. Determine i(-7).
-6
Let k(w) = -115*w + 1018. Determine k(9).
-17
Let b(u) = u**3 + 19*u**2 - 100*u - 1564. Give b(-20).
36
Let d(w) = -309*w + 2167. Give d(7).
4
Let i(d) = d**3 - 24*d**2 - 4*d + 41. Determine i(24).
-55
Let b(o) = 424*o - 6789. Calculate b(16).
-5
Let n(x) = 19*x + 2. Determine n(7).
135
Let m(c) = c**2 - 88*c + 844. What is m(11)?
-3
Let a(q) = 616*q - 112732. Calculate a(183).
-4
Let m(w) = -19*w + 60. Determine m(9).
-111
Let v(l) = l**2 - 66*l - 4683. Give v(-43).
4
Let w(i) = 3*i**2 + 43*i + 41. What is w(-17)?
177
Let p(m) = 5*m**2 - 53*m + 38. What is p(9)?
-34
Let r(b) = -b**2 + 262*b - 3012. Calculate r(12).
-12
Let b(v) = 2*v**3 + 42*v**2 + 16. Determine b(-21).
16
Let i(s) = -38*s + 2293. Determine i(60).
13
Let g(y) = -2*y - 55. Calculate g(4).
-63
Let g(l) = 7305*l - 87675. What is g(12)?
-15
Let n(m) = -13*m + 500. What is n(40)?
-20
Let v(p) = -p**3 - 161*p**2 + 293*p - 5371. Give v(-163).
8
Let c(d) = -183*d - 1329. Give c(-8).
135
Let r(b) = -3*b - 374. Give r(-61).
-191
Let d(t) = -t**3 + 127*t**2 + 6*t - 761. What is d(127)?
1
Let g(m) = 12*m + 453. What is g(-40)?
-27
Let j(o) = -o**3 - 6*o**2 - 5*o - 45. Determine j(-7).
39
Let d(f) = -f**3 + 14*f**2 + 85*f - 46. What is d(-5)?
4
Let y(m) = 2*m**2 - 39*m - 372. Determine y(-7).
-1
Let v(y) = 5*y**2 + 22*y + 14. Calculate v(-2).
-10
Let v(m) = 87*m + 5739. What is v(-66)?
-3
Let p(x) = -302*x - 3. Calculate p(0).
-3
Let y(p) = -p**2 - 85*p - 1187. Determine y(-67).
19
Let v(s) = -124*s**3 - s**2 + 2*s - 7. Give v(0).
-7
Let u(p) = -3*p**2 - 138*p + 169. Calculate u(-39).
988
Let n(b) = -18*b**2 - 104*b + 29. Calculate n(-6).
5
Let d(r) = -2181*r - 15292. Calculate d(-7).
-25
Let m(j) = 15*j**3 - j**2 + 349*j - 693. Determine m(2).
121
Let w(p) = -p**3 - 5*p**2 + 805*p + 41. Give w(26).
15
Let i(f) = -f**3 - 28*f**2 + 26*f - 21. What is i(-29)?
66
Let t(a) = 657*a + 5915. Calculate t(-9).
2
Let n(g) = g**2 - 13*g - 46. Determine n(12).
-58
Let y(f) = -8*f - 1439. Calculate y(-53).
-1015
Let h(r) = 35*r**3 + 178*r**2 + 12*r + 5. Calculate h(-5).
20
Let o(f) = -6*f + 168. Give o(23).
30
Let k(p) = 3*p**3 + 24*p**2 + 37*p + 13. What is k(-6)?
7
Let s(z) = 33*z - 1609. Calculate s(48).
-25
Let v(p) = -p**3 + 49*p**2 - 102*p + 375. What is v(47)?
-1
Let w(s) = -s**3 + 123*s**2 - 136*s + 1722. What is w(122)?
14
Let y(h) = 39*h**2 + 154*h - 6. Determine y(-4).
2
Let u(g) = -4*g**2 - 8*g - 9. What is u(-7)?
-149
Let c(k) = -11*k - 111. What is c(-7)?
-34
Let g(c) = -c**3 + 27*c**2 + 222*c - 111. Give g(-7).
1
Let o(m) = m**3 + 55*m**2 + 156*m - 9. Give o(-52).
-9
Let d(q) = -63*q + 34. Give d(0).
34
Let w(o) = -327*o**2 - 4907*o - 16. Determine w(-15).
14
Let k(l) = -254*l**2 + 1273*l - 12. Give k(5).
3
Let v(p) = 2*p**2 + 35*p + 161. Determine v(-9).
8
Let x(c) = -2*c**3 - 42*c**2 - 44*c - 74. Give x(-20).
6
Let i(r) = -227*r - 323. What is i(-3)?
358
Let v(g) = 356*g + 9254. What is v(-26)?
-2
Let a(n) = n**3 + 13*n**2 + 9*n + 28. Calculate a(-12).
64
Let o(f) = f**3 - 4*f**2 - 36*f + 2. Determine o(-4).
18
Let n(w) = 11*w**3 + 3*w**2 - 5*w + 6. Determine n(2).
96
Let y(k) = -2*k**2 - 85*k + 216. Give y(-45).
-9
Let o(z) = -84*z + 999. Give o(16).
-345
Let h(f) = -15*f + 225. Calculate h(16).
-15
Let d(n) = -n**3 + 12*n**2 - 31*n - 6. Give d(5).
14
Let b(m) = 2537*m + 38057. What is b(-15)?
2
Let l(s) = -56*s - 162. Calculate l(-3).
6
Let x(b) = b**2 + 2637*b - 21178. Give x(8).
-18
Let f(c) = -c**3 - 9*c**2 + 363*c + 14. What is f(15)?
59
Let l(c) = -3*c**2 - 2*c + 249. Give l(14).
-367
Let l(c) = 787*c - 118045. Determine l(150).
5
Let f(c) = c**2 + 128*c - 8230. Calculate f(47).
-5
Let k(m) = 4114*m + 8269. Determine k(-2).
41
Let r(a) = -a**3 - 66*a**2 - 67*a - 120. Give r(-65).
10
Let r(v) = v**3 + 49*v**2 + 13*v + 634. Determine r(-49).
-3
Let m(z) = -z**3 + 14*z**2 - 41*z - 28. Determine m(8).
28
Let f(x) = x**2 - 15*x - 205. Calculate f(-9).
11
Let k(m) = -m**3 + 4*m**2 + 8*m - 28. Give k(5).
-13
Let z(b) = 9*b + 42. Determine z(-14).
-84
Let w(m) = m**3 + 36*m**2 - 2*m - 99. What is w(-36)?
-27
Let z(n) = 4*n**2 + 15. What is z(0)?
15
Let d(m) = 26*m**3 + 4*m**2 + m - 1. Determine d(-1).
-24
Let d(s) = -221*s - 5760. Calculate d(-25).
-235
Let l(f) = -3*f**2 - 68*f + 103. Determine l(-24).
7
Let c(m) = m**2 - 1208*m - 6055. Give c(-5).
10
Let k(i) = 1295*i + 170938. Give k(-132).
-2
Let h(c) = -c**3 - 137*c**2 + 855*c + 26. Calculate h(6).
8
Let u(k) = k**3 + 10*k**2 - 8*k + 164. Give u(-12).
-28
Let d(q) = q**3 - 41*q**2 + 2*q - 44. Give d(41).
38
Let q(m) = 2367*m + 14123. Give q(-6).
-79
Let d(o) = 2*o**3 - 219*o**2 + 245*o + 8533. What is d(108)?
1
Let h(q) = -4*q + 66. Determine h(38).
-86
Let x(b) = -107*b - 1823. What is x(-17)?
-4
Let k(v) = v**3 - v**2 - 28*v + 7. Calculate k(6).
19
Let m(z) = -z**3 - 11*z**2 - 87*z - 202. Calculate m(-4).
34
Let i(g) = 48*g - 47. What is i(1)?
1
Let m(s) = 36*s**2 - 130*s + 4. Determine m(5).
254
Let u(z) = 25*z - 1517. Calculate u(50).
-267
Let t(i) = 121*i + 7347. What is t(-61)?
-34
Let n(d) = -d**3 + 6*d**2 - 25*d + 76. What is n(4)?
8
Let g(u) = -2*u**2 - 280*u - 3288. Give g(-13).
14
Let w(y) = 88*y + 942. Calculate w(-10).
62
Let q(h) = h**3 + 2*h**2 - 53*h - 60. Give q(-8).
-20
Let t(i) = 15*i**2 + 62*i + 21. Give t(-7).
322
Let u(n) = -29*n + 1989. What is u(69)?
-12
Let k(q) = -q**3 - 2*q**2 + 206*q - 12. Calculate k(-16).
276
Let h(y) = -8*y**2 + 64*y - 460. Give h(7).
-404
Let k(q) = 36*q + 493. What is k(0)?
493
Let s(m) = -3*m**2 + 310*m - 702. Determine s(101).
5
Let f(x) = 3*x**2 - 168*x + 1841. What is f(15)?
-4
Let h(t) = t**3 - 20*t**2 + 22*t - 444. What is h(20)?
-4
Let r(z) = 7*z - 261. Calculate r(-18).
-387
Let v(d) = -105*d + 1894. Give v(18).
4
Let m(l) = -2*l**3 + 2*l**2 + 48*l - 56. Give m(5).
-16
Let s(f) = -f**3 - 19*f**2 - 100*f - 56. What is s(-7)?
56
Let s(a) = -a**2 + 185*a - 1598. Determine s(9).
-14
Let u(a) = -a**2 - 932*a + 4681. Calculate u(5).
-4
Let n(q) = -2*q**2 + 42*q - 223. Give n(7).
-27
Let j(x) = -2*x**3 + 66*x**2 + 4. Give j(33).
4
Let m(d) = 349*d. What is m(0)?
0
Let d(u) = 58*u**2 - 73*u - 3. What is d(-2)?
375
Let i(u) = -6*u**2 - 721*u + 2131. What is i(-123)?
40
Let f(h) = -h**3 + 8*h**2 - 135*h + 1847. What is f(11)?
-1
Let z(b) = -2*b**2 - 458*b + 133. Determine z(0).
133
Let v(q) = 5*q**2 - 15*q - 34. What is v(-2)?
16
Let h(b) = b**3 + 22*b**2 - 46*b + 12. What is h(-24)?
-36
Let a(f) = 3*f**2 - 8*f - 61. Calculate a(6).
-1
Let t(u) = u**2 + 27*u - 163. Calculate t(-34).
75
Let x(u) = u**2 + 19*u + 117. Give x(-13).
39
Let c(p) = 16*p**2 - 59*p + 4. Calculate c(3).
-29
Let t(a) = -a**2 - 25*